 1. Suppose -4*u + x*k = -1000, 0*u - 2*k - 1253 = -5*u. Is u a composite number?
False
Let i(n) = -n + 10. Let b be i(10). Suppose b = -6*t + 9*t - 117. Is t a prime number?
False
Let b(i) = 2*i**2 - 11*i - 3. Is b(10) prime?
False
Let b(y) be the first derivative of y**2/2 + 1. Let c be b(6). Suppose p + 35 = c*p. Is p prime?
True
Suppose -p + 42 = -4*p. Let i be (-6)/4 - 49/p. Suppose 31 = -x + i*x. Is x a prime number?
True
Let q be ((-8)/6)/((-4)/(-54)). Let k be q/(-4) - (-5)/10. Suppose -5*t + 2*z = -281, -4*z = -8*t + k*t + 177. Is t prime?
False
Let d be 1 - -5 - (-6)/(-3). Let p = 7 - d. Suppose c + 3*l + 535 = 5*c, p*c - 402 = 3*l. Is c prime?
False
Suppose 0 = 4*u + 2*c + 1242, 5*u + 0*c + 3*c + 1554 = 0. Let a = u + 568. Is a a prime number?
False
Suppose 0 = 4*s + 5*q - 4997, 4*s - 2137 - 2820 = 3*q. Is s composite?
True
Suppose 0 = 5*o + 340 - 3155. Is o a composite number?
False
Let h = -292 + 661. Let n = 602 - h. Is n a composite number?
False
Let b(d) = d + 1 - 2*d - d**2 + 4*d. Let n be b(2). Suppose -5*c + 640 = -p, n*p - 120 - 373 = -4*c. Is c prime?
True
Let p = 19 - 14. Suppose 3*c = 4*i + 555, 0*c - p*i + 528 = 3*c. Is c a prime number?
True
Let v = 242 - 160. Let s = v + -43. Is s prime?
False
Suppose m - 103 = c - 492, 5*c = -2*m - 792. Let n = -232 - m. Is n prime?
False
Suppose -2*m + 18 = -5*m. Let v(l) = 6*l**2 + 3*l + 5. Is v(m) composite?
True
Let v(k) = -k**3 - 5*k**2 + 12*k + 9. Let a be v(-8). Let z = a + -52. Is z composite?
False
Let j = -3664 - -7215. Is j composite?
True
Let a be 3/2*16/6. Suppose -y - a*y + 393 = -2*h, h - 1 = 0. Is y composite?
False
Let g = -29 + 72. Suppose -3*k = 2*v - 112, v + 0*k - 5*k = g. Is v a prime number?
True
Let m(b) = b - 2. Let g be m(-2). Let q be 0 + 2 + (g - -16). Is (q/(-5))/(3/(-15)) prime?
False
Let i be 49/14 - 1/2. Is (-112)/(-3) + (-1)/i composite?
False
Suppose 6*h = 3*h + 105. Is h a prime number?
False
Suppose -4*k + 3*k = -115. Is k a prime number?
False
Suppose -11*j + 6299 + 21542 = 0. Is j a composite number?
False
Let b(x) = 1. Let c(r) = -2. Let h(i) = 5*b(i) + 2*c(i). Let z(a) = -3*a + 8. Let u(l) = -40*h(l) + 5*z(l). Is u(-1) prime?
False
Let w(s) = 21*s**2 - 3*s - 11. Is w(-6) composite?
True
Suppose 0*p = 3*p - 9. Let n(f) = 12*f - 9. Let r be n(6). Suppose -p*g + 0*g + r = 0. Is g a prime number?
False
Suppose -3*q = -4*o + 97 - 15, 2 = -q. Is o a composite number?
False
Is (2*-1)/((-18)/2763) prime?
True
Let x be 2/6 - (-22)/6. Is (154/x)/((-4)/(-8)) composite?
True
Let y(l) = -12*l - 5. Is y(-3) a prime number?
True
Let n = 14 - 14. Suppose n = 5*i - 5*t - 1105, 0*i = -2*i - 4*t + 454. Is i a prime number?
True
Let j = 1 - -3. Let q = -6 - -8. Suppose -4*m + 343 = -m - l, 0 = -q*m - j*l + 238. Is m composite?
True
Let p(l) = 405*l + 37. Is p(4) a composite number?
False
Suppose -143 = -4*q - 19. Is q composite?
False
Let t(f) = f**3 - 6*f**2 + 7*f - 7. Let y be t(5). Suppose -y*h = 67 - 706. Suppose h + 432 = 3*w. Is w prime?
False
Let u = -30 - -95. Is u a composite number?
True
Let p be -60 - -2 - 1/1. Let j = p - -114. Is j a composite number?
True
Let c be (-1 - 2)*(-2)/3. Suppose l - 26 = -5*m, -5*l + 50 = c*m - 11. Is l composite?
False
Let y = -518 + 188. Is ((-3)/6)/(3/y) prime?
False
Let y(q) = 81*q - 2. Is y(1) composite?
False
Suppose 3*r = 2*q + 2, -5*q + 0 - 5 = -5*r. Suppose k = 2 - r. Suppose -261 = 3*x + s - 750, k*x - s - 326 = 0. Is x prime?
True
Let p = -127 + 682. Suppose 0 = 4*m - m - p. Suppose -4*y - y = -m. Is y a composite number?
False
Suppose -5*o = 0, 2*a - 2031 = -a + 3*o. Is a prime?
True
Let i be (2 - 3/3) + 100. Let b = -14 + i. Is b a composite number?
True
Let y(s) = -20*s + 1. Suppose -d - 3*p = 5, -8 + 3 = 5*p. Let z = d - -1. Is y(z) composite?
True
Let n(q) = -q + 2. Suppose 3*i - 3*f = -12, 2*i = 5*i + 3*f + 18. Let x(v) = -v + 2. Let b(o) = i*n(o) + 6*x(o). Is b(-5) prime?
True
Let z(v) = -v**3 - 10*v**2 - 3*v + 9. Is z(-11) composite?
False
Let l(s) = 1087*s**3 - s + 1. Is l(1) a composite number?
False
Suppose -20*t + 11*t + 12195 = 0. Is t a composite number?
True
Suppose -2*j = -0*j. Suppose v = -j*v + 6. Suppose 0 = -z - 3*n + v*n + 70, 0 = -2*n + 6. Is z prime?
True
Suppose 0 = 2*p - 17 - 29. Is p composite?
False
Let s(r) = -r - 5. Let h be s(5). Let c be ((-4)/5)/(h/(-725)). Let n = -12 - c. Is n a prime number?
False
Suppose x + 5 = -4*r + 18, 0 = -5*r - 2*x + 14. Let j = 43 + -22. Suppose z = -2*f + j, 0 = f - 2*f - r*z - 7. Is f composite?
False
Suppose 464 = 2*y - 890. Is y composite?
False
Let u be -1 + 1 - (-7)/(-7). Let q = -228 + 333. Is (1 - u)*q/6 composite?
True
Let l = -9 + 14. Suppose -4*j = -l*j + 115. Is j composite?
True
Suppose -u = 2*u - 8121. Is u a prime number?
True
Let n(a) = -132*a - 1. Let v be n(-1). Suppose 3*r - v = 91. Is r a composite number?
True
Let s = 17 + -13. Let c(t) = -t**3 + 5*t**2 + t - 1. Is c(s) prime?
True
Suppose 0 = 2*j + 4*i + 26, -44 = 4*j - 0*j + 4*i. Let m be 2/j + 608/(-18). Let u = -9 - m. Is u prime?
False
Suppose 708 = 10*i - 6162. Is i a prime number?
False
Suppose -2*t = 2*x - 304, -4*t + 562 = x - 61. Is t prime?
True
Suppose -5*h = -3*y - 52 - 339, -75 = -h - y. Is h a composite number?
True
Let j = 126 + -68. Let c = j - 31. Suppose -c + 551 = 4*l. Is l composite?
False
Let f = -10 - -25. Is f prime?
False
Suppose -55 = -v + 2*j, 107 = 4*v + 5*j - 48. Suppose d = v + 10. Is d composite?
True
Suppose 657 = 8*s - 247. Is s composite?
False
Is ((-4)/12)/((-3)/9441) a prime number?
True
Suppose 0 = 2*k - 3*i - 147, 7 = -5*k - 3*i + 343. Is k prime?
False
Let g(s) = -s - 1. Let v(p) = p**2 + 11*p + 3. Let b(h) = 5*g(h) + v(h). Let d be b(-4). Let u = d - -21. Is u a prime number?
True
Let n = 626 - 400. Is n prime?
False
Is ((-9)/(-6))/(3/6742) a prime number?
True
Suppose -5*p + 1109 + 1116 = 0. Is p a prime number?
False
Suppose 3*u = -0*u + 3615. Is u a composite number?
True
Let m be 2*-2*(-34)/4. Suppose -10 = 2*h - 0, -4*y - h + 223 = 0. Let s = y - m. Is s a prime number?
True
Let f(u) = 4*u**2 + 18*u - 5. Is f(-9) composite?
False
Suppose 0 = 10*j - 1723 - 967. Is j composite?
False
Let p = 7 + -5. Suppose -3*r + 4 + p = 0. Suppose -3*n + r*n + 49 = 0. Is n prime?
False
Suppose -1109 = -5*h - 2*s, s - 5*s = -5*h + 1097. Is h a prime number?
False
Let l(x) = 2*x**2 - 11*x - 7. Is l(10) a prime number?
True
Let f be (-2)/6 - 363/(-9). Suppose -15 + f = -5*c. Let y(q) = -q**3 - 5*q**2 - q + 4. Is y(c) a composite number?
True
Suppose 4 = 4*q - 4. Is q/6*(57 - 0) composite?
False
Let r(i) = -5*i**3 - 5*i**2 - 12*i - 11. Is r(-7) a composite number?
False
Is -1*47984/(-20) + (-3)/15 a composite number?
False
Is ((-14)/(-7))/((-2)/(-317)) - 0 prime?
True
Suppose -10 = -4*n + 14. Let m = n + -4. Suppose 0 = -m*c - 11 + 81. Is c composite?
True
Suppose 5219 = 5*x + 4*t - 0*t, -5*x + 5211 = -4*t. Is x prime?
False
Let o = -1188 + 2231. Is o composite?
True
Suppose 3*z = 5*z - 3*n + 45, 75 = -4*z + 3*n. Suppose -v = -0*v + 18. Is v/z*30/4 a composite number?
True
Suppose -3*p - 31 = -5*x - 0, 13 = x - 4*p. Let l be (-4)/16 - (-9090)/8. Suppose x*z = l + 149. Is z a composite number?
False
Is (-4)/(-26) - (-4400)/130 prime?
False
Let l = 1 + 0. Is 0 + 488 - (2 - l) a composite number?
False
Suppose 0*k = -5*k - 10, 2*d + 5*k = 716. Suppose 0 = -5*i + 10, 0*a - 4*a = -4*i + 752. Let v = d + a. Is v prime?
False
Let y be 2/6 - (-32)/12. Suppose v + 17 = -4*w, 5*v + 210 = y*w + 2*w. Is 2/(-1)*v/2 prime?
True
Suppose 5*h + 3*o - 5 = 0, 2*o + 2*o = 4*h - 36. Suppose -2*x - r = -0*r + 76, 5*x = -5*r - 190. Is (x/h)/((-3)/6) prime?
True
Is (1/(-4))/(14/(-11816)) a prime number?
True
Suppose 0 = 4*v + v. Suppose v = -2*w + 2*j + 206, j - 113 = -4*w + 324. Let a = 191 - w. Is a prime?
True
Suppose -3*l - 12 = 0, -255 = -3*k - 2*l + 226. Is k prime?
True
Is (0 - -1)/(1/191) a prime number?
True
Suppose 0 = l + l + 2. Let w = 3 + l. Let b(k) = 2*k**3 - k**2 + 1. Is b(w) composite?
False
Suppose d = 2*c + 5*d + 2, 2*c + 3*d = 0. Suppose -3 = -q, -2*w = -8*q + c*q + 345. Is (8/6)/((-10)/w) a composite number?
True
Let o(s) = 12*s - 3. Let k be o(3). Suppose 0 = -l + 20 + k. Is l a composite number?
False
Let u(r) = -r**3 - 18*r**2 + r + 17. Let a be u(-18). I